(-4 - 8) + -11.
38
Evaluate 11 - (-3 - -3) - 5 - (-4 - 5).
15
Calculate 1 + (-3 - 0) - (13 + (26 - 17 - 73)).
49
10 + -6 + -9 - -10 - (-72 - (-15 - 9))
53
Evaluate ((2 - 9) + 16 - (-8 + 8)) + (-1 - -3).
11
Calculate 27 + (18 + -13 - (58 - -8)).
-34
61 - 1 - (-184 + 237)
7
-24 - -39 - (-2 + 4 + 3) - -4
14
Evaluate (18 - -12 - (20 - -1)) + 9.
18
What is the value of -4148 + 4202 - (53 + 0)?
1
(122 - 77) + -71 - -27
1
What is the value of -11 + (944 - 907 - (0 - -136))?
-110
What is the value of (27 - 91) + 10 + 4?
-50
Calculate 27 + (-34 - (-58 + 35)) + -81.
-65
Calculate (146 - 147) + -48 + 6 + 140.
97
What is -47 + (-29 - 18 - -93)?
-1
Calculate 375 - 363 - (-50 + 6).
56
What is -32 + -3 - (8 + -24 + 13) - -12?
-20
17 + 3 + -18 + 7 + 18
27
-22 - (-22 + (4 - -3)) - -38
31
What is the value of (33 - ((6 - -8) + -1)) + -13?
7
What is the value of -6 + (-22 - (-41 - -7)) + -14?
-8
Evaluate (-2 - 6 - -9) + (231 - 260).
-28
7 + -3 + 4 + -60 + -3 + 14
-41
Calculate -15 - (-27 - ((26 - (11 + 4)) + -4)).
19
Calculate -1590 - -1633 - ((4 - 3) + 3).
39
What is the value of 1 + (1 - (13 + 0)) + (-371 - -378)?
-4
What is (82 - 59) + -70 + 7?
-40
Calculate (-50 - (12 + -2 - 8)) + -3 + (1 - -12).
-42
Evaluate -38 - -33 - (-6 - (-4 + 18 - -7)).
22
What is the value of 1 - (1 - -37) - (14 + 3 + (-45 - -28))?
-37
What is the value of 53 + -65 + -27 - 30?
-69
What is (-2 - (31 + 1)) + (-31137 - -31217)?
46
What is 51 - (-6 - (-22 - (-35 - -18)))?
52
Calculate -87 + 0 + -24 + (45 - 48) + 7.
-107
What is 4 + (-10 - -3) + (0 - -10) + -121 + 140?
26
Evaluate -7 - (2 - 2) - (2162 + -2141).
-28
4 - (0 + 1 + -1 - (29 + 12 + 12))
57
What is -662 + 644 - (-21 - -3)?
0
What is the value of (3 - -13) + (1 - 6) - (-49 - -19)?
41
Calculate (20 - (-6 + -6)) + (9 - (1 + 4)).
36
Calculate -37 + -6 - -13 - -17 - (-15 + 2).
0
-8 + 2 + 9 + 9 + -12 + -23
-23
Calculate 71 - ((14 - -72) + -61).
46
-19 + (14 + -30 - -11) + -18
-42
Evaluate 26 - (15 - -2) - (16 - 11 - -7).
-3
What is the value of -127 + (21 + 44 - -18)?
-44
Evaluate -8274 + 8382 + 1 + -133.
-24
What is the value of -68 - (-53 + 41) - 15?
-71
Evaluate ((5 - -8) + 14 - 63) + 24 + (-10 - 0).
-22
What is the value of (1 - (7 - 0)) + (-33 - (30 - 34))?
-35
Calculate (114 - 8 - 58) + -115.
-67
What is the value of -61 + -104 + 221 + -87?
-31
Calculate -45 + 40 + (195 - 226).
-36
What is 90 + -2 + (-31 - -60 - 29) - 2?
86
Calculate 1 + -84 - (4733 + -4719 + -1 + -16).
-80
Calculate -1 + 53 + -2158 + 2107.
1
Calculate -19 + 31 + -22 + -35 + (-2 - 10).
-57
Calculate 2 + 46 + 1 + (75 - 98).
26
Evaluate -7 + 9 + -8 + -6 - 19 - -9.
-22
(17 - ((-31 + 21 - -49) + -10)) + 129
117
What is -20 + (0 - (10 - 10)) + 8 + -29?
-41
-6 + 7 + (8 - 6) + -4 + 35 + 2
36
Calculate 5 + -10 + 3 + (11 - (1 - 3 - -18)).
-7
(86 - 60) + -32 + 0 + 1 + -29
-34
Evaluate (2831 - 2849) + (2 - (-118 - 1)) - 9.
94
-15 + 60 + -53 + 5
-3
(7 - (2 - -13)) + -4 + 10 + -68 - 11
-81
What is the value of (-3 - 48) + 1 + 2 + -33 + -43 + 74?
-50
What is -4 + 27 + -31 + 27 + 45?
64
Evaluate 0 + 1 + (55 - 44) + 64 + -7.
69
(-87 - (-1 - 3 - 22)) + 17
-44
Calculate (-121 - (-10 - 14 - (-6 - -1))) + -7.
-109
10 + 1 + -70 + 0 + -7
-66
Evaluate (-47 + 105 - 119) + -7.
-68
What is 61 - -1 - (-218 + 167 + 26)?
87
What is the value of -4 + (-8 - ((27 - 7 - -19) + (-8 - -1)))?
-44
47 + (25 - (25 + (21 - 19)))
45
Evaluate 7 - (-8 + 8) - (4 - 0 - (13 + -64)).
-48
What is the value of (5 - (72 + 1)) + (48 - 49 - -22)?
-47
Evaluate -5 + (5 - -4) + 15 + (-1 - -13) + -4.
27
What is 27 + 47 + -5 + 1 + 0?
70
Calculate (15 - (-17 + 1 + 32)) + -4 - -31.
26
What is -3 + -1 + 4 + (2222 - 2203)?
19
What is the value of -33 + 54 - (89 - -8)?
-76
4 - (16 - (7 - -7)) - -40
42
Evaluate (47 + -13 - (49 - 13)) + (-38 - -1) + 0.
-39
What is the value of -20 + (-10 - -5 - 22)?
-47
Calculate 10 + -22 + -20 + 11 + (-3 - -10).
-14
Calculate -69 + -21 - (-2 - 184).
96
Evaluate -67 - (8 + (-14 - -22) - 26).
-57
What is 79 + 20 + -30 + (-5 - -1)?
65
What is -27 - (538 - 527 - (-2 + 4 + 5))?
-31
What is the value of -3 + 52 + -41 + 12?
20
-19 + 17 + 10 + (-12 - 30) + 22
-12
Calculate -18 - (-61 + 1 + 46) - -124.
120
What is (5 - 4 - 36) + -60 + 67?
-28
-57 + -21 + 7 + 12 + 1 + -2
-60
3259 + -3295 - (-1 - 63)
28
239 + -118 - (-20 + 14 + -1 + 30)
98
What is the value of (1 + 21 - -2) + (23857 - 23874)?
7
(-3 + -4 - 0) + 6 + -14 + 10
-5
What is the value of (22 + (15 - 23) - 29) + -27?
-42
6 + 0 - (34 - 16 - (-46 - -48))
-10
What is the value of 26 - (95 + (-25 - 15))?
-29
What is 3 + 17 + -28 - (-33 + 1) - (6 - 3)?
21
Calculate -109 - (-61 + -1) - -70.
23
What is the value of 1 - -27 - 2 - (2337 + -2335)?
24
What is -31 - -1 - (117 + -152 + 18)?
-13
What is the value of -17 + (0 - -21 - (13 + (-3 - 55)))?
49
What is the value of -29 + 0 + (2 - 2) - (-951 + 947)?
-25
What is the value of 129 + 107 + -160 - (-20 - (3 - 4))?
95
What is -7097 + 7104 + (-15 - 0 - 1)?
-9
What is the value of 41 + -67 + 29 + -12?
-9
What is the value of -79 + (-9 - ((-20 - (0 - 15)) + -5))?
-78
-45 + -15 + (59 - -27)
26
Calculate (-26 - -6) + 31 + (-4 - 1) + (0 - -54).
60
Evaluate 18 + -2 - (907 + -873).
-18
Evaluate 33 + (-18 + 20 - 28) + -22 + (0 - -3).
-12
What is the value of -18 + 133 + -55 + (0 - 28)?
32
Calculate 87 - (163 + -100) - (16 + -3).
11
-67 + (-7 + -6 + -9 - (-2 - 2 - 8))
-77
Calculate (0 - -9) + -22 - (22 + -15).
-20
What is the value of 5 - -38 - (217 - 263)?
89
What is the value of -8 - (-11 - (-100 + -15 + (17 - -15)))?
-80
Calculate -2 + 23 + (-36 - -41) + -49.
-23
What is the value of -55 - ((-15 - (-4 - -3) - -11) + 13 - 8)?
-57
-68 - -53 - (-1 + 48 + 11 + -4)
-69
Evaluate 31 + (3 + (0 - -1 - 0) - (888 - 885)).
32
What is 19 + (-16 - 4) + 5 + 7?
11
Calculate -16 - (-120 - (-38 - 24)).
42
Evaluate -19 + (-5 - 79) + 20 + 19.
-64
What is (-1 - 164) + (-898 - -953)?
-110
What is (-11 - -18 - ((-1 - 1) + (3 - 9))) + 29?
44
What is the value of -16 + (12 - -2) + 27?
25
Calculate (-1018 + 1052 - (24 + 0)) + 65.
75
-67 - ((12 - 1) + (90 + -83 - 22))
-63
Evaluate 22 + 92 + -126 + -1 + 20.
7
Calculate 37 + -3 + (560 - 564).
30
Calculate -229 + 260 - (-8 + -15 - -12).
42
What is -71 + 2 - -5 - (-47 - (-23 - 25))?
-65
What is (5 - 7) + -10 - -3 - (-100 + (-5 - 4))?
100
What is 1 + -3 - (-45 - -28 - -31 - -2) - -5?
-13
What is 41 + 13 + -45 + 10?
19
Calculate (-2 - -1) + 11 + -11 - (47 - 19).
-29
0 - (18 + 55) - -59
-14
Evaluate -14 - (-32 - -97 - 74).
-5
What is the value of 1 + -63 - (138 + -142 - 17)?
-41
Evaluate 343 + -356 + (-1 - -2) + -25.
-37
Evaluate (-215 - (-213 + 84)) + (7 - 3 - (-3 - 0)).
-79
What is 2 - (17 - 14) - (4 + (-4 - -9))?
-10
What is the value of -74 + 13 - ((-37 + 64 - 31) + 0 + 6)?
-63
(-4 - -1 - -3) + (-59 - -18 - -10)
-31
What is the value of 7 + -2 + 4 - (-165 + 84 - -15)?
75
Calculate -1 - -11 - (37 + (33 - 86) - (10 - 2)).
34
-58 + -77 + (-128 - -355)
92
-21 + (-40 - -19) + 28
-14
-17 + (7 - 17) + (3 - -5) + (-1 - -11)
-9
What is the value of (2 - (-7 + -1 + (-1 - 0))) + 38?
49
What is the value of 15 - ((-19 - -16) + (22 - -6))?
-10
Evaluate 5 + 2 + -2177 + 2186 - (-2 + 146).
-128
What is the value of (-2 - -4) + (4 - ((-8 - -8) + 5)) + -20?
-19
What is -1 + 24 - (-123 + 105 - -15)?
26
Calculate -54 + -1 - (-60 - -15 - -8 - -45).
-63
Evaluate (0 - -1) + 14 + -61 - 3 - (287 + -283).
-53
Evaluate 8124 - 8097 - (73 + 0).
-46
-90 + 143 + -62 + (65 - (7 - 2 - 2))
53
Evaluate -11 + 113 - 221 - -108.
-11
-19 + -18 + 2 + 13 + 51
29
What is the value of (-8 - 1 - (295 + -279)) + (-4 + 4 - -5)?
-20
Evaluate -36 + -4 + 34 + 7.
1
What is 6 + (-15 - -29) - -25 - (2 - -9)?
34
Calculate -10 + (4 + 2 - 1) + -3 - -14.
6
What is the value of -842 - -816 - (1 + -17)?
-10
(28 - -20) + -6 + -6 - (7 - 16)
45
What is 6 + 15 + 31 + 21?
73
What is -79 + -136 + 92 - -64?
-59
What is the value of (3 - (5 + -10) - (118 + -115)) + -31?
-26
What is the value of 10 + (-39 - -3) + -62 + 69?
-19
32 - 1 - (-25 + (19 - 10) + 4)
43
Evaluate -23 + -11 + (-3 - 2) + 5 + -12 + 4.
-42
Calculate (2 - (-3 + -24 + 93)) + -3 + -2 + -2.
-71
(-1 - (-1 - 11)) + (-21 + (32 - 31) - -25)
16
What is -5 - (-23 + 22 + (6 - 19)) - (105 - 1)?
-95
Evaluate 0 + 50 + -2 + 3 - (-459 - -472).
38
Calculate -27 - (80 - 66 - -53).
-94
-15 - -7 - -16